ctors of n?
37
Let z = -30 + 26. Let q = 45 + z. What are the prime factors of q?
41
Let j(q) = q**3 - 6*q**2 + q + 2. Let d be j(6). Suppose 2 = g - x, -4*g + x - 1 = -3. List the prime factors of d - (2 - 0 - g).
2, 3
Let s(d) = 5*d**2 - 13*d - 9. Let i(y) = y**2 - 3*y - 2. Let b(v) = -9*i(v) + 2*s(v). List the prime factors of b(-4).
2, 3
Let x(c) = -c**3 + 6*c**2 - 5*c + 6. Let z be x(4). Let i be ((-12)/(-5))/(z/120). Suppose 2*q + 4 = i. List the prime factors of q.
2, 3
Let l(n) = n**3 - 10*n**2 + 12*n - 8. What are the prime factors of l(9)?
19
Suppose z - 96 = -5*m, 3*z - m + 0*m - 320 = 0. List the prime factors of z.
2, 53
Let l(y) = -y**3 + 7*y**2 + 2*y - 8. Suppose 2*s - 12 - 2 = 0. List the prime factors of l(s).
2, 3
Let r = 111 - 18. List the prime factors of r.
3, 31
Let d be ((-6)/5)/(6/(-20)). Suppose 0*q - q + 2*m = 0, -q = -3*m + d. List the prime factors of q.
2
Let z(w) = -w**3 + 12*w**2 - 2*w - 1. List the prime factors of z(10).
179
Let n(z) = z**3 + 6*z**2 + 6*z + 2. Let d be n(-6). Let r = d - -53. List the prime factors of r.
19
Let a(w) = w + 13. Let y be a(-13). Suppose -4*c + 2 = -2. List the prime factors of y/(c*-3) - -3.
3
Suppose 8*c - 2*c = 252. List the prime factors of c.
2, 3, 7
Suppose 5*g - 2*k = -0 + 26, 5*g + 2*k - 14 = 0. Suppose y = 3*q - 3, g*y + 3*q = -0*y + 3. Let c(n) = -n**3 - n**2 + n + 10. List the prime factors of c(y).
2, 5
Let l be (-1)/2 - (-14)/4. Suppose -1 = -3*h - d, 2*h - 4*d - 24 = -0*h. Suppose -6 = -z - o + 9, l*z - 25 = h*o. List the prime factors of z.
11
Suppose b + 60 = 4*b. Let c = 36 - b. What are the prime factors of c?
2
Let z(g) = -g**3 - 7*g**2 - g - 4. Suppose 0*a - 14 = 2*a. Let m be z(a). Suppose y + m*y = 12. List the prime factors of y.
3
What are the prime factors of (-3)/(-4) - 231/(-12)?
2, 5
Suppose -3*z = -2*z + 16. Let m = 26 + z. List the prime factors of m.
2, 5
Let s = -29 - -54. Suppose -2*u + s = 3*u. List the prime factors of u.
5
Suppose 0 = -3*m + w + 1 - 0, 0 = 5*m - 3*w - 3. Suppose -3*h - 7*d + 3*d = -86, -3*h + 2*d + 56 = m. Let u = h + -9. List the prime factors of u.
13
Let n = 15 + 5. Suppose 2*r - 19 = -3*m + n, -5*r = -2*m - 50. What are the prime factors of r?
2, 3
Let h(f) = f**3 + 9*f**2 - 10*f + 7. Let i be h(-10). List the prime factors of i/(-2)*48/(-28).
2, 3
What are the prime factors of (4/8)/(2/708)?
3, 59
Suppose -4*y + 0*y = -40. Let m(a) be the first derivative of a**4/4 - 11*a**3/3 + 5*a**2 + 5*a + 1. List the prime factors of m(y).
5
Let a be (-2)/(3 + (-51)/15). Suppose 0 = -3*g + a + 37. What are the prime factors of g?
2, 7
Suppose 3*h - 366 = 2*v + 427, 0 = -3*h - v + 796. List the prime factors of h.
5, 53
Let a be ((-6)/4)/((-4)/8). Suppose -5*g + 5*n + 40 = 0, -4*n = g - 21 + a. List the prime factors of g.
2, 5
Let a(q) = -3*q - 9. Let k be a(7). Let x = 70 + k. Suppose 3*y = -3*w + w + 7, -5*w + x = 3*y. List the prime factors of w.
11
Let w(l) = l**2 + 3*l - 1. Suppose 0 = 5*t - 3 - 7. List the prime factors of w(t).
3
Suppose 0 = -5*r - 1 - 14. Let w(o) = -o**3 + 3*o**2 + 3*o + 2. Let j be w(4). What are the prime factors of (-2 - -4)*r/j?
3
Let u be 8/6*3*2. Let v be 2/u - 1/4. Suppose 5*k + v = 40. What are the prime factors of k?
2
List the prime factors of (-31 + 0)*(-2)/2.
31
Let o(f) = -f**2 + 9*f - 5. Let m(z) = 5*z - 2. Let b be m(3). Suppose b = 3*u - 8. List the prime factors of o(u).
3
Let x(j) = -j**2 + 3*j + 5. Let i be x(4). Suppose 4*g - 8 = -5*t, -g - i = 3*t - 3. Suppose -y + 4 = -t*y. List the prime factors of y.
2
Let h(x) = -3*x**2 - 2*x - 2. Let c be h(-2). What are the prime factors of 110/25 - 6/c?
5
What are the prime factors of 295 + 5 + -5 + 0?
5, 59
Let u be 1*-3 + 14 + -1. Suppose 2*d + d - 18 = 0. Let g = u - d. List the prime factors of g.
2
Let v(a) = -5 + 2*a - 5*a + a - 3*a. List the prime factors of v(-4).
3, 5
Let u(r) be the second derivative of -2*r + 0 + 2*r**2 - 1/3*r**3 + 1/12*r**4. List the prime factors of u(4).
2, 3
Let a = -33 - -55. List the prime factors of a.
2, 11
Let h = -35 + 27. Let d = -15 + 2. Let p = h - d. What are the prime factors of p?
5
Let k = 7 - 1. What are the prime factors of k?
2, 3
Let y be 1*-4*(-2 - -3). Let a be y/(-14) + 110/7. Suppose -3*b = -a - 14. List the prime factors of b.
2, 5
Let x = 20 + -14. What are the prime factors of x?
2, 3
List the prime factors of (-8)/2 + 36 + -1*3.
29
What are the prime factors of ((-42)/(-9) - 2)*36?
2, 3
Let a be (-11)/(-2) - 1/2. Suppose 5*g - 5 - a = 0. Suppose 5*x = -m + 1, -2*x - 11 = -g*m + 15. What are the prime factors of m?
11
Suppose 22*d - 15*d = 742. What are the prime factors of d?
2, 53
Let b(k) = k**2 - 5*k - 4. What are the prime factors of b(16)?
2, 43
Suppose 2*h = 5*h - 402. What are the prime factors of h?
2, 67
Suppose 5*u - 8*u = -108. What are the prime factors of u?
2, 3
Let o be 2 + 1/(-2)*-4. Suppose o*n = 2*y - 3*y + 25, -5*n - 3*y = -33. What are the prime factors of n?
2, 3
Let x = 23 - 13. List the prime factors of 1/(1/x) + -2.
2
Let i(n) = -n**2 - 6*n + 1. Let w be i(-5). Let s = 12 + w. What are the prime factors of s?
2, 3
Let d(p) = 5 - p - p + 3*p. Let n be d(0). Suppose 0 = n*s - 26 - 19. What are the prime factors of s?
3
Let q = 0 - -5. Suppose -q*w = -4*w - 16. Suppose -w = -f - 7. List the prime factors of f.
3
Suppose 3*q - 5 = -14. Let k(p) = 2*p**2 + 3*p - 4. Let x be k(-3). Let j = x - q. List the prime factors of j.
2
Let t(b) be the second derivative of b**5/24 - b**4/24 - b**3/2 - 2*b. Let x(g) be the second derivative of t(g). List the prime factors of x(3).
2, 7
Suppose -16 = -6*f + 56. List the prime factors of f.
2, 3
Suppose 2*l = -w + 80 - 12, -2*l = -5*w + 376. What are the prime factors of w?
2, 37
Suppose 0*i = i. Suppose -2*f + f = i. Suppose 4*z + 2*a - 6 = f, 0*z - 9 = -z + 2*a. What are the prime factors of z?
3
Let n = -27 + 16. Let f = n - -5. List the prime factors of 18/f - (-21 + 0).
2, 3
Let f be (-1)/3 + 2/(-3). Let x = f + 4. What are the prime factors of x?
3
Suppose 0 = 4*m - 3*v - 5, 4*v - 2 = 2*v. Suppose 4*o - 2 - m = 0. List the prime factors of (-18)/(o - 4) - -2.
2
Let p(r) = -3*r + 2*r + 3 - 2*r. What are the prime factors of p(-3)?
2, 3
What are the prime factors of 1/(-2)*(-31 + 1)?
3, 5
Let w(s) = 2*s - 8. List the prime factors of w(15).
2, 11
Let z(a) = 110*a**2 - 16*a - 16. What are the prime factors of z(-1)?
2, 5, 11
Let k(q) = q**2 - 7*q + 12. Let j(m) = -2*m**2 + 13*m - 25. Let y(d) = -6*j(d) - 11*k(d). List the prime factors of y(0).
2, 3
Let l(r) = r + 9. Let b be l(-4). Let v be 2/b + (-14)/10. What are the prime factors of -1 + ((-22)/(-2) - v)?
11
Suppose w + 3*b + 2*b + 25 = 0, 4*w = -4*b - 20. Suppose 0 = -q + 4*d - 16, -2*d + 4*d = w. List the prime factors of 4/q + (-25)/(-4).
2, 3
What are the prime factors of 13/(-3) + 4 - 500/(-6)?
83
Suppose 10*j - 7*j - 48 = 0. Suppose 5*h - j = 4, 0 = -3*x - 3*h + 60. What are the prime factors of x?
2
Let b(a) = 3*a**3 - 2*a**2 - 2*a - 5. Let n(l) = -l**3 + l + 1. Let q(v) = b(v) + 4*n(v). Let p be q(1). List the prime factors of 4 - (0/2 + p).
2, 3
List the prime factors of (-81)/((-28)/8 - -2).
2, 3
Let x be ((-12)/2)/(21/14). List the prime factors of (7/x)/((-3)/12).
7
Suppose -m + 2*k + 74 = 3*m, 0 = 2*m + k - 31. Suppose 4*g - 4*d = 12, 4*d - 1 = 3. Suppose 0 = 3*l - s - 23 - m, -g*l + 3*s = -60. List the prime factors of l.
2, 3
Let a(d) = d**2 - 10*d + 16. List the prime factors of a(12).
2, 5
Let q = 15 - 1. What are the prime factors of q?
2, 7
Let h be (2/3)/((-2)/6). List the prime factors of (-2)/(h + 0) + 8.
3
Suppose -3*i + 4*i = -11. Let t = 18 + i. Suppose -2*g + t = -g. What are the prime factors of g?
7
Suppose 1 = 2*n - n. Suppose 0 = -c + n + 4. What are the prime factors of c?
5
Let k(c) = -3*c - 8. Let x be k(-9). Suppose -1 = 2*q - x. Let p = -1 + q. What are the prime factors of p?
2
Let g = -31 + 46. Let u = g + -12. What are the prime factors of u?
3
Let a be (80/(-12))/((-4)/18). Suppose -5 = -2*o + 3*o - 4*v, 4 = -2*o + 5*v. Suppose 2*p + o*p = a. What are the prime factors of p?
2, 3
Let l(b) = 0*b**2 + 10 - 2*b**2 + 3*b**2 - 7*b. List the prime factors of l(8).
2, 3
Let m(x) = -x + 8. Let u be m(0). Suppose -5*w + 3*o = -40, 2*w + 3*o = -2 -